e
Let b(l) = -339*l + 86. Is b(-20) prime?
False
Suppose -5*a + 2*t = 6 - 82, -4*a = -5*t - 71. Let j = a + -14. Suppose -3*w - x + 4*x = -504, j = -5*w + x + 820. Is w prime?
True
Let f be (1824/15)/(-4)*(-5)/2. Let q = 261 + f. Is q composite?
False
Suppose -2*o + 3992 = -3224. Suppose -2*s + o = 886. Is s a composite number?
False
Let s = -12176 - -23953. Is s a prime number?
True
Let q(a) = -23*a**3 - 11*a**2 - 5*a - 13. Is q(-8) a composite number?
True
Let w(i) = -74*i - 3. Let m(c) = -c**2 - 12*c - 4. Let z be m(-11). Let p be ((-4)/10)/(z/35). Is w(p) a prime number?
False
Suppose 0*b + 5*y - 770 = 3*b, 4*b + 984 = -4*y. Let r = -149 - b. Let m = -46 + r. Is m a prime number?
False
Let y = -146 + 3206. Suppose 3*d = -4*h + 12667, -2*h + 3261 + y = -d. Is h prime?
True
Suppose 0 = 4*p - 5*n - 13416, 5*p + 2*n - 16725 = -3*n. Is p composite?
True
Let h = 2147 - -2780. Is h a composite number?
True
Let n be -1 + 0 + 3 + 1 - 1. Let b(t) = 8*t**3 + t**2 - 2*t + 3. Is b(n) prime?
True
Let p be 15/(-20) - (-23)/4. Let d = p - 5. Suppose 4*v + 5*y + d - 301 = 0, -5*y - 182 = -3*v. Is v a composite number?
True
Suppose 2*p + 228 - 958 = 0. Is p prime?
False
Let y(z) = 180*z**2 - 20*z - 99. Is y(-7) a composite number?
False
Let f = -1189 + 2396. Is f a prime number?
False
Let m = 3590 + -2308. Is m composite?
True
Let b = 24 - 26. Is (-2)/(-3)*(b - (-4790)/4) prime?
True
Suppose 54564 = -7*h + 19*h. Is h a composite number?
False
Let z(m) = -2998*m - 469. Is z(-6) a prime number?
True
Let m be 2/((-7)/((-42)/4)). Suppose 5*j + 4*v - 7035 = 0, -2416 - 1768 = -m*j + 5*v. Is j a prime number?
False
Let d(w) = -3*w**2 - 4*w - 5. Let z(j) = -j**2 - j. Let i(c) = -d(c) + 2*z(c). Let y = -20 - -12. Is i(y) a prime number?
True
Let b = -27 + 1564. Is b prime?
False
Let a(l) = -124*l - 53. Is a(-18) a prime number?
True
Let m = -36 - -13. Suppose s - 4*w - 60 = 0, 4*s - 156 = -5*w - 0*w. Let q = m + s. Is q a composite number?
True
Let l(v) = 9*v**2 - 3*v**2 + 4 - 2*v**2 - v - 1 - v**3. Let b be l(3). Suppose -b*n + 8*n = -157. Is n a prime number?
True
Let s(z) = 32*z**2 + 2*z - 2. Let j be s(1). Suppose 29*g + 3453 = j*g. Is g a composite number?
False
Let b(z) = -z**3 + 7*z**2 + z. Let j be b(7). Suppose 5*c - 8*c = 0. Suppose j*h - 4*h - 291 = c. Is h a prime number?
True
Suppose 3554 = g - 4*j + 1021, 0 = 2*g + 5*j - 5027. Is g prime?
True
Let n = 16952 - -7185. Is n prime?
True
Let u be -17 - 3/1 - 3. Let n = -6 - u. Suppose n = -3*t + 128. Is t a prime number?
True
Suppose -2*g + 2924 = -0*g. Suppose -2*v = -3*v - 4*i + 741, 2*v + 4*i - g = 0. Is v composite?
True
Let m = 3612 - 731. Let s = m + 880. Is s a prime number?
True
Let d(o) = 8420*o + 31. Is d(3) composite?
True
Let y(k) = -k**3 + 4*k**2 + 3*k + 3. Let b(r) = -4*r**2 + r**2 + 2*r**2. Let g(i) = b(i) + y(i). Is g(-4) composite?
False
Let j(g) = 5*g - 9*g + 9*g - 1 + 2*g**2 + 13. Let i be j(-5). Suppose m - 4*k = i, -m + 3*k = 2*k - 49. Is m a prime number?
True
Let f(s) = -3*s**3 + 11*s**2 - 9*s + 10. Let g be 2/(-8)*2*14. Let c(v) = 5*v**3 - 22*v**2 + 19*v - 20. Let i(w) = g*f(w) - 4*c(w). Is i(-12) a prime number?
False
Suppose -r + 48 = -5*k + 2, 4*r = -k + 121. Suppose z = -2*z - 3*w + 24, 3*w + r = 2*z. Is z a prime number?
True
Let s(t) = -t**3 - 6*t**2 - 11*t - 4. Let g be s(-9). Suppose -2*a + g + 488 = 0. Is a a composite number?
True
Let x = 12866 + -153. Is x prime?
True
Let h = -18 - -10. Is 4*(-788)/h - (-1 - 0) a composite number?
True
Let y be -227*(-2 - 1*-7). Suppose -4*m + 3*m + 5*t = -1700, 5*t = 0. Let s = m + y. Is s composite?
True
Let d = 10 + -7. Suppose d*t - 1339 = -y - 0*t, 3*y - 3*t = 4041. Is y composite?
True
Suppose 0 = 2*b + 3*b - 15. Suppose -5*p - 2*f + 960 = 0, -b*f + 0*f = 5*p - 955. Suppose 0 = -2*s + 4*s - p. Is s prime?
True
Suppose 0 = g + 34*t - 36*t - 4529, -g - 3*t = -4544. Is g composite?
True
Let r(n) be the first derivative of n**3 - n**2/2 + 7*n + 1. Let f(l) = l**3 + 19*l**2 - 4*l - 83. Let g be f(-19). Is r(g) prime?
False
Let z(w) = -2174*w**3 - 3*w**2 + 3. Is z(-1) composite?
True
Let l(c) = c**3 - 12*c**2 - 16*c - 7. Let v(k) be the third derivative of k**5/60 + 5*k**4/24 + 4*k**3/3 - k**2. Let a be v(-6). Is l(a) composite?
True
Suppose -287924 = -26*d - 76128. Is d prime?
False
Suppose -3*l + 455 = -1921. Let b(g) = 4*g**2 - 20*g - 35. Let n be b(12). Let w = l - n. Is w composite?
False
Suppose h + r - 1801 - 339 = 0, -2*h = -r - 4280. Suppose s = 2*a + 854 - h, 637 = a + s. Is a prime?
True
Is -2 + 5024 + (1 + -4)/3 a composite number?
False
Suppose 0*j + 5*j = -5. Let i be 520 - j - (6 - 7). Suppose 0 = y + 149 - i. Is y a prime number?
True
Let f be 0 - (2 + -16)/(-2). Let j = -85 - -106. Is (-257)/f - (-6)/j composite?
False
Suppose -21 = 4*b - 7*b. Suppose 239 = -b*j + 8*j. Is j a composite number?
False
Let f = 1293 + 2189. Is f composite?
True
Let l = 17 + 1. Let f be 2/(-6) - 12/l. Is f/3 - 2656/(-12) composite?
True
Let w(h) = 7*h**3 + 6*h**2 + 5*h + 11. Let t be w(6). Suppose 7*g = -96 + t. Is g a prime number?
True
Suppose -3*r - 12 = -6*r. Suppose -r*k = -k. Suppose 2*s - 7*s + 2085 = k. Is s a prime number?
False
Suppose -5*r + 235 = 3*k, 5*k - 3*r - 404 = r. Suppose k + 47 = j. Is j a prime number?
True
Suppose -8*n = -10*n + 4*n. Let i(q) = 14*q - 248. Let t(x) = -5*x + 83. Let w(u) = -6*i(u) - 17*t(u). Is w(n) a composite number?
True
Suppose -4*a + 42 = -5*v - 38, 5*a - 61 = 3*v. Let g = 844 - 3458. Is g/(-14) - v/42 prime?
False
Let i be (0 - -1)/((-3)/63). Is (-8218)/i*(-6)/(-4) a composite number?
False
Let c(a) = 2*a + 5. Let u(q) = -q - 5. Let z(d) = -2*c(d) - 3*u(d). Let o be z(0). Suppose o*f - 537 = 2*f. Is f a prime number?
True
Is (2/(-6))/(((-30)/(-6))/(-703515)) a prime number?
True
Let x(g) = 11*g**3 - 16*g**2 - 6*g + 13. Let c(l) = -7*l**3 + 11*l**2 + 4*l - 9. Let d(k) = 7*c(k) + 5*x(k). Is d(3) a prime number?
True
Let m = -1 + 7. Let h(b) = 8*b**3 + 3*b**2 + 3*b - 17. Is h(m) a composite number?
True
Suppose 2*j + 198295 = 5*q, 0 = 11*j - 8*j. Is q a composite number?
False
Suppose -2*h = -u - 0*h + 25791, -4*h = u - 25797. Is u a prime number?
True
Is -17*(-30 + 4) - -1 composite?
False
Let i(d) = 69*d**2 - 10*d + 20. Is i(9) a composite number?
False
Let x = 41973 - 16582. Is x a composite number?
False
Is 1758 - (-12)/(-8)*(-2)/(-3) prime?
False
Suppose 4*p - 132 = 4*u, 4*p = 4*u - p + 137. Suppose -70 + 0 = -5*h. Is u/49 + 8562/h composite?
True
Let w(k) = 7*k**2 - 47*k - 205. Is w(-28) prime?
True
Let n = 11292 - 6805. Is n composite?
True
Is -8 + 31088 + 4 + 1 a composite number?
True
Let c(o) be the second derivative of 802*o**3/3 + 19*o**2/2 + 31*o. Is c(3) prime?
True
Let j = 684 + 1093. Is j prime?
True
Suppose -4 = 5*f - 19. Suppose -22 = -f*h - 2*g, -h - 2*g + 10 = -0*g. Is 6/(-9) - (-736)/h composite?
True
Suppose 2102 = 2*b - 1704. Is b composite?
True
Let d = 92 + -92. Suppose d = 2*o - 8, -o + 10592 = 3*n + n. Is n a composite number?
False
Suppose 0 = 2*x + 3*x - 10. Suppose -279 = -3*c + 3*w, -3*c - x*c + 2*w = -465. Suppose 3*l + c = 4*l. Is l a composite number?
True
Let f(z) = -z + 12. Let y be f(8). Suppose 2 - 18 = -y*l. Suppose 4*n - i - 260 = 99, 368 = 4*n - l*i. Is n composite?
False
Is (819/(-18))/(-13) - (-50533)/14 prime?
True
Suppose -4*u = -4 - 16. Suppose 4*y = -u*w + 3430 - 745, 15 = 3*y. Is w composite?
True
Let a = 19277 - 12936. Is a a prime number?
False
Let k(n) = 10*n**2 + 6*n - 17. Let x(z) = -z + 2. Let l be x(-4). Is k(l) a composite number?
False
Let y = 122 + -15. Let j(f) = -f**2 + 22*f - 13. Let k be j(9). Let o = k + y. Is o prime?
True
Let v(m) = m**2 - m + 2. Let n be v(1). Is -2*(0 - n) - (-1357 - 0) a composite number?
False
Let m(b) be the second derivative of 5*b**4/12 + b**3/2 + 13*b**2/2 + 3*b. Suppose 0 = -h - 0 - 5. Is m(h) a composite number?
True
Let r(w) = 21*w**2 + 3*w - 9. Let y be (-3)/66*-4 - 513/99. Is r(y) prime?
False
Suppose 258*z - 261*z + 33261 = 0. Is z a prime number?
True
Suppose 0 = -10*f + 6694 + 25336. Is f a composite number?
False
Let z = 44 - 56. Is 10326/15 - z/20 prime?
False
Let m(k) = -k + 11. Let s be m(6). Suppose 2*r - 1730 = -s*a - 0*a, a + 4*r = 346. Is a prime?
False
Suppose 2*m - 5*m = -1317. Let q be m/3 +